{"id":973,"date":"2021-03-29T19:14:36","date_gmt":"2021-03-29T19:14:36","guid":{"rendered":"https:\/\/narancoseguros.com\/?page_id=973"},"modified":"2021-03-29T19:18:22","modified_gmt":"2021-03-29T19:18:22","slug":"seguro-trc","status":"publish","type":"page","link":"https:\/\/narancoseguros.com\/index.php\/seguro-trc\/","title":{"rendered":"Seguro Todo Riesgo Construcci\u00f3n"},"content":{"rendered":"\n<div class=\"wp-block-cover has-background-dim\" style=\"background-image:url(https:\/\/narancoseguros.com\/wp-content\/uploads\/2021\/03\/humber-bridge-1215954.jpg)\"><div class=\"wp-block-cover__inner-container is-layout-flow wp-block-cover-is-layout-flow\">\n<p class=\"has-text-align-center encabezado has-large-font-size\">Seguro Todo Riesgo Construcci\u00f3n<\/p>\n<\/div><\/div>\n\n\n\n<h2 class=\"titulo wp-block-heading\">M\u00e1xima seguridad para tu empresa y para t\u00ed con <span class=\"has-inline-color has-pale-cyan-blue-color\">Naranco Seguros<\/span><\/h2>\n\n\n\n<p>El&nbsp;seguro Todo Riesgo Construcci\u00f3n (TRC), es el&nbsp;seguro&nbsp;que cubre&nbsp;todos&nbsp;los da\u00f1os que se puedan producir de manera accidental o imprevisible durante la ejecuci\u00f3n de una obra.<\/p>\n\n\n\n<p>Se&nbsp;cubren&nbsp;los da\u00f1os materiales, accidentales, s\u00fabitos e imprevistos, incluyendo la sustracci\u00f3n con violencia de la obra en&nbsp;construcci\u00f3n, que hagan necesaria la reconstrucci\u00f3n, reparaci\u00f3n y\/o reposici\u00f3n de estos bienes, incluyendo los materiales de obra que se encuentren en la misma. Todo tipo de obras de edificaci\u00f3n&nbsp;(viviendas unifamiliares, oficinas, almacenes, hospitales, etc.),&nbsp;industrial&nbsp;(f\u00e1bricas), e infraestructuras&nbsp;(puentes, presas, canales, t\u00faneles, carreteras, etc.).<\/p>\n\n\n\n<p>El&nbsp;seguro todo riesgo construcci\u00f3n&nbsp;puede ser contratado por el constructor principal, promotor o propietario, para salvaguardar sus intereses en caso de un siniestro en la propia obra.<\/p>\n\n\n\n<h4 class=\"wp-block-heading\"><span style=\"text-decoration: underline;\">\u00bfPor qu\u00e9 se contrata este seguro?<\/span><\/h4>\n\n\n\n<p>La raz\u00f3n de ser de este producto se encuentra en la existencia de una gran variedad de riesgos que se presentan en la ejecuci\u00f3n de cualquier obra. Estos riesgos, aleatorios, pueden acarrear da\u00f1os cuya reparaci\u00f3n afecte al desarrollo previsto de la obra, tanto en su presupuesto como en su planificaci\u00f3n.<\/p>\n\n\n\n<h4 class=\"wp-block-heading\">Modalidades de p\u00f3liza:<\/h4>\n\n\n\n<p>Existen dos tipos:<\/p>\n\n\n\n<ul class=\"wp-block-list\"><li>P\u00f3liza por obra: cubre una obra determinada.<\/li><li>P\u00f3liza abierta: cubre todas las obras que emprenda el Asegurado en una anualidad, siempre dentro de unos par\u00e1metros acordados.<\/li><\/ul>\n\n\n\n<div class=\"iframeContainer\">\n  <div class=\"form\">\n    <div class=\"wpforms-container wpforms-container-full\" id=\"wpforms-976\"><form id=\"wpforms-form-976\" class=\"wpforms-validate wpforms-form wpforms-ajax-form\" data-formid=\"976\" method=\"post\" enctype=\"multipart\/form-data\" action=\"\/index.php\/wp-json\/wp\/v2\/pages\/973\" data-token=\"efc9bd6586ac7caf3017cb937798a284\" data-token-time=\"1777804422\"><noscript class=\"wpforms-error-noscript\">Por favor, activa JavaScript en tu navegador para completar este formulario.<\/noscript><div class=\"wpforms-field-container\"><div id=\"wpforms-976-field_0-container\" class=\"wpforms-field wpforms-field-name\" data-field-id=\"0\"><label class=\"wpforms-field-label\" for=\"wpforms-976-field_0\">Nombre <span class=\"wpforms-required-label\">*<\/span><\/label><input type=\"text\" id=\"wpforms-976-field_0\" class=\"wpforms-field-medium wpforms-field-required\" name=\"wpforms[fields][0]\" required><\/div><div id=\"wpforms-976-field_3-container\" class=\"wpforms-field wpforms-field-number\" data-field-id=\"3\"><label class=\"wpforms-field-label\" for=\"wpforms-976-field_3\">Tel\u00e9fono<\/label><input type=\"number\" id=\"wpforms-976-field_3\" class=\"wpforms-field-medium\" name=\"wpforms[fields][3]\" step=\"any\" ><div class=\"wpforms-field-description\">Sin espacios ni guiones: ej985113998<\/div><\/div><div id=\"wpforms-976-field_1-container\" class=\"wpforms-field wpforms-field-email\" data-field-id=\"1\"><label class=\"wpforms-field-label\" for=\"wpforms-976-field_1\">Email<\/label><input type=\"email\" id=\"wpforms-976-field_1\" class=\"wpforms-field-medium\" name=\"wpforms[fields][1]\" spellcheck=\"false\" ><\/div><div id=\"wpforms-976-field_18-container\" class=\"wpforms-field wpforms-field-email\" data-field-id=\"18\"><label class=\"wpforms-field-label\" for=\"wpforms-976-field_18\">Empresa<\/label><input type=\"email\" id=\"wpforms-976-field_18\" class=\"wpforms-field-medium\" name=\"wpforms[fields][18]\" spellcheck=\"false\" ><\/div><div id=\"wpforms-976-field_21-container\" class=\"wpforms-field wpforms-field-text\" data-field-id=\"21\"><label class=\"wpforms-field-label\" for=\"wpforms-976-field_21\">Asunto<\/label><input type=\"text\" id=\"wpforms-976-field_21\" class=\"wpforms-field-medium\" name=\"wpforms[fields][21]\" ><\/div><div id=\"wpforms-976-field_22-container\" class=\"wpforms-field wpforms-field-text\" data-field-id=\"22\"><label class=\"wpforms-field-label\" for=\"wpforms-976-field_22\">Motivo de la consulta <span class=\"wpforms-required-label\">*<\/span><\/label><input type=\"text\" id=\"wpforms-976-field_22\" class=\"wpforms-field-medium wpforms-field-required\" name=\"wpforms[fields][22]\" required><\/div><\/div><!-- .wpforms-field-container --><div class=\"wpforms-recaptcha-container wpforms-is-recaptcha wpforms-is-recaptcha-type-v2\" ><div class=\"g-recaptcha\" data-sitekey=\"6LeffNUZAAAAADWBGG1fvM9zMe6KyjyedhvXX1ZU\"><\/div><input type=\"text\" name=\"g-recaptcha-hidden\" class=\"wpforms-recaptcha-hidden\" style=\"position:absolute!important;clip:rect(0,0,0,0)!important;height:1px!important;width:1px!important;border:0!important;overflow:hidden!important;padding:0!important;margin:0!important;\" data-rule-recaptcha=\"1\"><\/div><div class=\"wpforms-submit-container\" ><input type=\"hidden\" name=\"wpforms[id]\" value=\"976\"><input type=\"hidden\" name=\"page_title\" value=\"\"><input type=\"hidden\" name=\"page_url\" value=\"https:\/\/narancoseguros.com\/index.php\/wp-json\/wp\/v2\/pages\/973\"><input type=\"hidden\" name=\"url_referer\" value=\"\"><button type=\"submit\" name=\"wpforms[submit]\" id=\"wpforms-submit-976\" class=\"wpforms-submit btn btn-primary btn-lg\" data-alt-text=\"Enviando...\" data-submit-text=\"Enviar\" aria-live=\"assertive\" value=\"wpforms-submit\">Enviar<\/button><img loading=\"lazy\" decoding=\"async\" src=\"https:\/\/narancoseguros.com\/wp-content\/plugins\/wpforms-lite\/assets\/images\/submit-spin.svg\" class=\"wpforms-submit-spinner\" style=\"display: none;\" width=\"26\" height=\"26\" alt=\"Cargando\"><\/div><\/form><\/div>  <!-- .wpforms-container -->\t\n  <\/div>\n  <div class=\"infoColumn\">\n    <h2 class=\"titulo\">\u00bfTienes alguna duda?<\/h2>\n    <h5><i class=\"fas fa-mobile-alt\"><\/i> 985 11 39 98<\/h5>\n    <h5><i class=\"fas fa-paper-plane\"><\/i> info@narancoseguros.com<\/h5>\n    <h5><i class=\"fas fa-tag\"><\/i> <a href=\"https:\/\/narancoseguros.com\/wp-content\/uploads\/2020\/10\/diccionario.pdf\" target=\"_blank\" rel=\"noopener noreferrer\">Diccionario del seguro<\/a><\/h5>\n    <h4>Datos de inter\u00e9s sobre el seguro<\/h4>\n    <hr>\n\n  <\/div>\n<\/div>\n","protected":false},"excerpt":{"rendered":"<p>M\u00e1xima seguridad para tu empresa y para t\u00ed con Naranco Seguros El&nbsp;seguro Todo Riesgo Construcci\u00f3n (TRC), es el&nbsp;seguro&nbsp;que cubre&nbsp;todos&nbsp;los da\u00f1os que se puedan producir de manera accidental o imprevisible durante la ejecuci\u00f3n de una obra. Se&nbsp;cubren&nbsp;los da\u00f1os materiales, accidentales, s\u00fabitos e imprevistos, incluyendo la sustracci\u00f3n con violencia de la obra en&nbsp;construcci\u00f3n, que hagan necesaria la &#8230; <a title=\"Seguro Todo Riesgo Construcci\u00f3n\" class=\"read-more\" href=\"https:\/\/narancoseguros.com\/index.php\/seguro-trc\/\" aria-label=\"Leer m\u00e1s sobre Seguro Todo Riesgo Construcci\u00f3n\">Leer m\u00e1s<\/a><\/p>\n","protected":false},"author":1,"featured_media":0,"parent":0,"menu_order":0,"comment_status":"closed","ping_status":"closed","template":"","meta":{"footnotes":""},"class_list":["post-973","page","type-page","status-publish"],"_links":{"self":[{"href":"https:\/\/narancoseguros.com\/index.php\/wp-json\/wp\/v2\/pages\/973","targetHints":{"allow":["GET"]}}],"collection":[{"href":"https:\/\/narancoseguros.com\/index.php\/wp-json\/wp\/v2\/pages"}],"about":[{"href":"https:\/\/narancoseguros.com\/index.php\/wp-json\/wp\/v2\/types\/page"}],"author":[{"embeddable":true,"href":"https:\/\/narancoseguros.com\/index.php\/wp-json\/wp\/v2\/users\/1"}],"replies":[{"embeddable":true,"href":"https:\/\/narancoseguros.com\/index.php\/wp-json\/wp\/v2\/comments?post=973"}],"version-history":[{"count":3,"href":"https:\/\/narancoseguros.com\/index.php\/wp-json\/wp\/v2\/pages\/973\/revisions"}],"predecessor-version":[{"id":982,"href":"https:\/\/narancoseguros.com\/index.php\/wp-json\/wp\/v2\/pages\/973\/revisions\/982"}],"wp:attachment":[{"href":"https:\/\/narancoseguros.com\/index.php\/wp-json\/wp\/v2\/media?parent=973"}],"curies":[{"name":"wp","href":"https:\/\/api.w.org\/{rel}","templated":true}]}}