{"id":904,"date":"2021-03-16T08:40:44","date_gmt":"2021-03-16T08:40:44","guid":{"rendered":"https:\/\/narancoseguros.com\/?page_id=904"},"modified":"2021-05-06T12:04:06","modified_gmt":"2021-05-06T12:04:06","slug":"seguro-de-transporte-de-mercancias","status":"publish","type":"page","link":"https:\/\/narancoseguros.com\/index.php\/seguro-de-transporte-de-mercancias\/","title":{"rendered":"Seguro transporte de mercanc\u00edas"},"content":{"rendered":"\n<div class=\"wp-block-cover has-background-dim\" style=\"background-image:url(https:\/\/narancoseguros.com\/wp-content\/uploads\/2021\/03\/palette-1-1240923.jpg)\"><div class=\"wp-block-cover__inner-container is-layout-flow wp-block-cover-is-layout-flow\">\n<p class=\"has-text-align-center encabezado has-large-font-size\">SEGURO TRANSPORTE DE MERCANC\u00cdAS<\/p>\n<\/div><\/div>\n\n\n\n<h2 class=\"titulo wp-block-heading\"><span class=\"has-inline-color has-pale-cyan-blue-color\">Naranco Seguros<\/span> te ofrece todas las garant\u00edas para asegurar tus mercanc\u00edas con seguridad<\/h2>\n\n\n\n<p>Con este seguro de mercanc\u00edas, el asegurador asume los da\u00f1os y p\u00e9rdidas materiales acontecidas al material de&nbsp;transporte&nbsp;y\/o a los objetos transportados durante el traslado por v\u00eda fluvial, f\u00e9rrea, a\u00e9rea o mar\u00edtima.<\/p>\n\n\n\n<p>Nuestro&nbsp;Seguro de mercanc\u00edas&nbsp;est\u00e1 destinado a todos los propietarios y cargadores que quieran proteger sus bienes ante los posibles da\u00f1os que puedan sufrir durante un transporte, carga y descarga.<\/p>\n\n\n\n<h3 class=\"wp-block-heading\">\u00b7&nbsp;&nbsp;&nbsp;&nbsp;&nbsp; Para cualquier medio de transporte: terrestre, ferrocarril, mar o a\u00e9reo, e incluso multimodal.<\/h3>\n\n\n\n<h3 class=\"wp-block-heading\">\u00b7&nbsp;&nbsp;&nbsp;&nbsp;&nbsp; Da\u00f1os por incendio, rayo o explosi\u00f3n<\/h3>\n\n\n\n<h3 class=\"wp-block-heading\">\u00b7&nbsp;&nbsp;&nbsp;&nbsp;&nbsp; Da\u00f1os a consecuencia de un accidente del medio de transporte<\/h3>\n\n\n\n<h3 class=\"wp-block-heading\">\u00b7&nbsp;&nbsp;&nbsp;&nbsp;&nbsp; Da\u00f1os por fen\u00f3menos de la naturaleza: siempre que sean fen\u00f3menos de car\u00e1cter extraordinario (inundaciones, terremotos, climatolog\u00eda extremadamente adversa, etc.).<\/h3>\n\n\n\n<h3 class=\"wp-block-heading\">\u00b7&nbsp;&nbsp;&nbsp;&nbsp;&nbsp; Robo de la mercanc\u00eda por atraco<\/h3>\n\n\n\n<p>Este tipo de seguro puede ir a\u00f1adiendo riesgos y ampliar las coberturas de la p\u00f3liza de la carga y puede cubrir otros riesgos como mojaduras o mala estiba, entre otros.<\/p>\n\n\n\n<p>Ll\u00e1manos y contar\u00e1s con la protecci\u00f3n m\u00e1s completa de un seguro de carga.<\/p>\n\n\n\n<div class=\"iframeContainer\">\n  <div class=\"form\">\n    <div class=\"wpforms-container wpforms-container-full\" id=\"wpforms-907\"><form id=\"wpforms-form-907\" class=\"wpforms-validate wpforms-form wpforms-ajax-form\" data-formid=\"907\" method=\"post\" enctype=\"multipart\/form-data\" action=\"\/index.php\/wp-json\/wp\/v2\/pages\/904\" data-token=\"843462415d4650f08a694ec212a9768e\" data-token-time=\"1777804435\"><noscript class=\"wpforms-error-noscript\">Por favor, activa JavaScript en tu navegador para completar este formulario.<\/noscript><div class=\"wpforms-field-container\"><div id=\"wpforms-907-field_0-container\" class=\"wpforms-field wpforms-field-name\" data-field-id=\"0\"><label class=\"wpforms-field-label\" for=\"wpforms-907-field_0\">Nombre <span class=\"wpforms-required-label\">*<\/span><\/label><input type=\"text\" id=\"wpforms-907-field_0\" class=\"wpforms-field-medium wpforms-field-required\" name=\"wpforms[fields][0]\" required><\/div><div id=\"wpforms-907-field_1-container\" class=\"wpforms-field wpforms-field-email\" data-field-id=\"1\"><label class=\"wpforms-field-label\" for=\"wpforms-907-field_1\">Email<\/label><input type=\"email\" id=\"wpforms-907-field_1\" class=\"wpforms-field-medium\" name=\"wpforms[fields][1]\" spellcheck=\"false\" ><\/div><div id=\"wpforms-907-field_3-container\" class=\"wpforms-field wpforms-field-number\" data-field-id=\"3\"><label class=\"wpforms-field-label\" for=\"wpforms-907-field_3\">Tel\u00e9fono<\/label><input type=\"number\" id=\"wpforms-907-field_3\" class=\"wpforms-field-medium\" name=\"wpforms[fields][3]\" step=\"any\" ><div class=\"wpforms-field-description\">Sin espacios ni guiones: ej985113998<\/div><\/div><div id=\"wpforms-907-field_18-container\" class=\"wpforms-field wpforms-field-email\" data-field-id=\"18\"><label class=\"wpforms-field-label\" for=\"wpforms-907-field_18\">Empresa<\/label><input type=\"email\" id=\"wpforms-907-field_18\" class=\"wpforms-field-medium\" name=\"wpforms[fields][18]\" spellcheck=\"false\" ><\/div><div id=\"wpforms-907-field_21-container\" class=\"wpforms-field wpforms-field-text\" data-field-id=\"21\"><label class=\"wpforms-field-label\" for=\"wpforms-907-field_21\">Asunto<\/label><input type=\"text\" id=\"wpforms-907-field_21\" class=\"wpforms-field-medium\" name=\"wpforms[fields][21]\" ><\/div><div id=\"wpforms-907-field_22-container\" class=\"wpforms-field wpforms-field-text\" data-field-id=\"22\"><label class=\"wpforms-field-label\" for=\"wpforms-907-field_22\">Motivo de la consulta <span class=\"wpforms-required-label\">*<\/span><\/label><input type=\"text\" id=\"wpforms-907-field_22\" class=\"wpforms-field-medium wpforms-field-required\" name=\"wpforms[fields][22]\" required><\/div><\/div><!-- .wpforms-field-container --><div class=\"wpforms-recaptcha-container wpforms-is-recaptcha wpforms-is-recaptcha-type-v2\" ><div class=\"g-recaptcha\" data-sitekey=\"6LeffNUZAAAAADWBGG1fvM9zMe6KyjyedhvXX1ZU\"><\/div><input type=\"text\" name=\"g-recaptcha-hidden\" class=\"wpforms-recaptcha-hidden\" style=\"position:absolute!important;clip:rect(0,0,0,0)!important;height:1px!important;width:1px!important;border:0!important;overflow:hidden!important;padding:0!important;margin:0!important;\" data-rule-recaptcha=\"1\"><\/div><div class=\"wpforms-submit-container\" ><input type=\"hidden\" name=\"wpforms[id]\" value=\"907\"><input type=\"hidden\" name=\"page_title\" value=\"\"><input type=\"hidden\" name=\"page_url\" value=\"https:\/\/narancoseguros.com\/index.php\/wp-json\/wp\/v2\/pages\/904\"><input type=\"hidden\" name=\"url_referer\" value=\"\"><button type=\"submit\" name=\"wpforms[submit]\" id=\"wpforms-submit-907\" class=\"wpforms-submit btn btn-primary btn-lg\" data-alt-text=\"Enviando...\" data-submit-text=\"Enviar\" aria-live=\"assertive\" value=\"wpforms-submit\">Enviar<\/button><img loading=\"lazy\" decoding=\"async\" src=\"https:\/\/narancoseguros.com\/wp-content\/plugins\/wpforms-lite\/assets\/images\/submit-spin.svg\" class=\"wpforms-submit-spinner\" style=\"display: none;\" width=\"26\" height=\"26\" alt=\"Cargando\"><\/div><\/form><\/div>  <!-- .wpforms-container -->\t\n  <\/div>\n  <div class=\"infoColumn\">\n    <h2 class=\"titulo\">\u00bfTienes alguna duda?<\/h2>\n    <h5><i class=\"fas fa-mobile-alt\"><\/i> 985 11 39 98<\/h5>\n    <h5><i class=\"fas fa-paper-plane\"><\/i> info@narancoseguros.com<\/h5>\n    <h5><i class=\"fas fa-tag\"><\/i> <a href=\"https:\/\/narancoseguros.com\/wp-content\/uploads\/2020\/10\/diccionario.pdf\" target=\"_blank\" rel=\"noopener noreferrer\">Diccionario del seguro<\/a><\/h5>\n    <h4>Datos de inter\u00e9s sobre el seguro<\/h4>\n    <hr>\n\n  <\/div>\n<\/div>\n","protected":false},"excerpt":{"rendered":"<p>Naranco Seguros te ofrece todas las garant\u00edas para asegurar tus mercanc\u00edas con seguridad Con este seguro de mercanc\u00edas, el asegurador asume los da\u00f1os y p\u00e9rdidas materiales acontecidas al material de&nbsp;transporte&nbsp;y\/o a los objetos transportados durante el traslado por v\u00eda fluvial, f\u00e9rrea, a\u00e9rea o mar\u00edtima. Nuestro&nbsp;Seguro de mercanc\u00edas&nbsp;est\u00e1 destinado a todos los propietarios y cargadores que &#8230; <a title=\"Seguro transporte de mercanc\u00edas\" class=\"read-more\" href=\"https:\/\/narancoseguros.com\/index.php\/seguro-de-transporte-de-mercancias\/\" aria-label=\"Leer m\u00e1s sobre Seguro transporte de mercanc\u00edas\">Leer m\u00e1s<\/a><\/p>\n","protected":false},"author":1,"featured_media":0,"parent":0,"menu_order":0,"comment_status":"closed","ping_status":"closed","template":"","meta":{"footnotes":""},"class_list":["post-904","page","type-page","status-publish"],"_links":{"self":[{"href":"https:\/\/narancoseguros.com\/index.php\/wp-json\/wp\/v2\/pages\/904","targetHints":{"allow":["GET"]}}],"collection":[{"href":"https:\/\/narancoseguros.com\/index.php\/wp-json\/wp\/v2\/pages"}],"about":[{"href":"https:\/\/narancoseguros.com\/index.php\/wp-json\/wp\/v2\/types\/page"}],"author":[{"embeddable":true,"href":"https:\/\/narancoseguros.com\/index.php\/wp-json\/wp\/v2\/users\/1"}],"replies":[{"embeddable":true,"href":"https:\/\/narancoseguros.com\/index.php\/wp-json\/wp\/v2\/comments?post=904"}],"version-history":[{"count":4,"href":"https:\/\/narancoseguros.com\/index.php\/wp-json\/wp\/v2\/pages\/904\/revisions"}],"predecessor-version":[{"id":1005,"href":"https:\/\/narancoseguros.com\/index.php\/wp-json\/wp\/v2\/pages\/904\/revisions\/1005"}],"wp:attachment":[{"href":"https:\/\/narancoseguros.com\/index.php\/wp-json\/wp\/v2\/media?parent=904"}],"curies":[{"name":"wp","href":"https:\/\/api.w.org\/{rel}","templated":true}]}}