{"id":842,"date":"2021-02-26T19:36:44","date_gmt":"2021-02-26T19:36:44","guid":{"rendered":"https:\/\/narancoseguros.com\/?page_id=842"},"modified":"2021-05-11T09:31:48","modified_gmt":"2021-05-11T09:31:48","slug":"seguro-especial-para-automoviles-clasicos","status":"publish","type":"page","link":"https:\/\/narancoseguros.com\/index.php\/seguro-especial-para-automoviles-clasicos\/","title":{"rendered":"Seguro autom\u00f3viles clasicos"},"content":{"rendered":"\n<p><\/p>\n\n\n\n<div class=\"wp-block-cover has-background-dim\" style=\"background-image:url(https:\/\/narancoseguros.com\/wp-content\/uploads\/2021\/02\/classic-car-1543446.jpg)\"><div class=\"wp-block-cover__inner-container is-layout-flow wp-block-cover-is-layout-flow\">\n<p class=\"has-text-align-center encabezado has-large-font-size\">SEGURO AUTOM\u00d3VILES CL\u00c1SICOS<\/p>\n<\/div><\/div>\n\n\n\n<h2 class=\"titulo wp-block-heading\">Protege con nosotros tu autom\u00f3vil cl\u00e1sico con un seguro hecho a medida<\/h2>\n\n\n\n<p>Las p\u00f3lizas convencionales no se adaptan a este tipo de veh\u00edculos debido a sus caracter\u00edsticas especiales, por eso existe un producto exclusivo para ellos. Inf\u00f3rmate en <span class=\"has-inline-color has-vivid-cyan-blue-color\">Naranco Seguros<\/span> para asegurar tus TURISMOS, CAMIONES Y MOTOCICLETAS cl\u00e1sicas.<\/p>\n\n\n\n<p>\u00bfQu\u00e9 es un veh\u00edculo cl\u00e1sico?<\/p>\n\n\n\n<ul class=\"wp-block-list\"><li>De fabricaci\u00f3n nacional o extranjera debidamente legalizado<\/li><li>Con una antig\u00fcedad superior a los 25 a\u00f1os<\/li><li>Que mantiene la originalidad en sus partes y accesorios<\/li><li>Debido a su buen cuidado, son considerados como piezas de colecci\u00f3n<\/li><li>Forman parte de nuestro patrimonio t\u00e9cnico y cultural<\/li><li>Su uso es espor\u00e1dico y recreativo, principalmente para acudir a desfiles o concentraciones<\/li><\/ul>\n\n\n\n<p>\u00bfC\u00f3mo se clasifican los autom\u00f3viles cl\u00e1sicos?<\/p>\n\n\n\n<ul class=\"wp-block-list\"><li>Con m\u00e1s de 40 a\u00f1os de antig\u00fcedad<\/li><li>Entre 30 y 40 a\u00f1os<\/li><li>Entre 25 y 30 a\u00f1os<\/li><\/ul>\n\n\n\n<p>Los precios de estas p\u00f3lizas var\u00edan en funci\u00f3n de las coberturas que incluyan. Pueden ser muy b\u00e1sicos y cubrir s\u00f3lo la responsabilidad civil; o m\u00e1s caros, incluyendo asistencia en viaje o reparaciones de da\u00f1os. Puedes rellenar el formulario para conseguir el mejor precio entre todas las compa\u00f1\u00edas.<\/p>\n\n\n\n<div class=\"iframeContainer\">\n  <div class=\"form\">\n    <div class=\"wpforms-container wpforms-container-full\" id=\"wpforms-889\"><form id=\"wpforms-form-889\" class=\"wpforms-validate wpforms-form wpforms-ajax-form\" data-formid=\"889\" method=\"post\" enctype=\"multipart\/form-data\" action=\"\/index.php\/wp-json\/wp\/v2\/pages\/842\" data-token=\"47d9a71629d3ef238586a5ad322859e2\" data-token-time=\"1777804475\"><noscript class=\"wpforms-error-noscript\">Por favor, activa JavaScript en tu navegador para completar este formulario.<\/noscript><div class=\"wpforms-field-container\"><div id=\"wpforms-889-field_0-container\" class=\"wpforms-field wpforms-field-name wpforms-one-half\" data-field-id=\"0\"><label class=\"wpforms-field-label\" for=\"wpforms-889-field_0\">Nombre <span class=\"wpforms-required-label\">*<\/span><\/label><input type=\"text\" id=\"wpforms-889-field_0\" class=\"wpforms-field-medium wpforms-field-required\" name=\"wpforms[fields][0]\" required><\/div><div id=\"wpforms-889-field_1-container\" class=\"wpforms-field wpforms-field-email\" data-field-id=\"1\"><label class=\"wpforms-field-label\" for=\"wpforms-889-field_1\">Email<\/label><input type=\"email\" id=\"wpforms-889-field_1\" class=\"wpforms-field-medium\" name=\"wpforms[fields][1]\" spellcheck=\"false\" ><\/div><div id=\"wpforms-889-field_3-container\" class=\"wpforms-field wpforms-field-number\" data-field-id=\"3\"><label class=\"wpforms-field-label\" for=\"wpforms-889-field_3\">Tel\u00e9fono<\/label><input type=\"number\" id=\"wpforms-889-field_3\" class=\"wpforms-field-medium\" name=\"wpforms[fields][3]\" step=\"any\" ><div class=\"wpforms-field-description\">Sin espacios ni guiones: ej985113998<\/div><\/div><div id=\"wpforms-889-field_18-container\" class=\"wpforms-field wpforms-field-email\" data-field-id=\"18\"><label class=\"wpforms-field-label\" for=\"wpforms-889-field_18\">Empresa<\/label><input type=\"email\" id=\"wpforms-889-field_18\" class=\"wpforms-field-medium\" name=\"wpforms[fields][18]\" spellcheck=\"false\" ><\/div><div id=\"wpforms-889-field_21-container\" class=\"wpforms-field wpforms-field-text\" data-field-id=\"21\"><label class=\"wpforms-field-label\" for=\"wpforms-889-field_21\">Asunto<\/label><input type=\"text\" id=\"wpforms-889-field_21\" class=\"wpforms-field-medium\" name=\"wpforms[fields][21]\" ><\/div><div id=\"wpforms-889-field_22-container\" class=\"wpforms-field wpforms-field-text\" data-field-id=\"22\"><label class=\"wpforms-field-label\" for=\"wpforms-889-field_22\">Motivo de la consulta <span class=\"wpforms-required-label\">*<\/span><\/label><input type=\"text\" id=\"wpforms-889-field_22\" class=\"wpforms-field-medium wpforms-field-required\" name=\"wpforms[fields][22]\" required><\/div><\/div><!-- .wpforms-field-container --><div class=\"wpforms-recaptcha-container wpforms-is-recaptcha wpforms-is-recaptcha-type-v2\" ><div class=\"g-recaptcha\" data-sitekey=\"6LeffNUZAAAAADWBGG1fvM9zMe6KyjyedhvXX1ZU\"><\/div><input type=\"text\" name=\"g-recaptcha-hidden\" class=\"wpforms-recaptcha-hidden\" style=\"position:absolute!important;clip:rect(0,0,0,0)!important;height:1px!important;width:1px!important;border:0!important;overflow:hidden!important;padding:0!important;margin:0!important;\" data-rule-recaptcha=\"1\"><\/div><div class=\"wpforms-submit-container\" ><input type=\"hidden\" name=\"wpforms[id]\" value=\"889\"><input type=\"hidden\" name=\"page_title\" value=\"\"><input type=\"hidden\" name=\"page_url\" value=\"https:\/\/narancoseguros.com\/index.php\/wp-json\/wp\/v2\/pages\/842\"><input type=\"hidden\" name=\"url_referer\" value=\"\"><button type=\"submit\" name=\"wpforms[submit]\" id=\"wpforms-submit-889\" class=\"wpforms-submit btn btn-primary btn-lg\" data-alt-text=\"Enviando...\" data-submit-text=\"Enviar\" aria-live=\"assertive\" value=\"wpforms-submit\">Enviar<\/button><img loading=\"lazy\" decoding=\"async\" src=\"https:\/\/narancoseguros.com\/wp-content\/plugins\/wpforms-lite\/assets\/images\/submit-spin.svg\" class=\"wpforms-submit-spinner\" style=\"display: none;\" width=\"26\" height=\"26\" alt=\"Cargando\"><\/div><\/form><\/div>  <!-- .wpforms-container -->\t\n  <\/div>\n  <div class=\"infoColumn\">\n    <h2 class=\"titulo\">\u00bfTienes alguna duda?<\/h2>\n    <h5><i class=\"fas fa-mobile-alt\"><\/i> 985 11 39 98<\/h5>\n    <h5><i class=\"fas fa-paper-plane\"><\/i> info@narancoseguros.com<\/h5>\n    <h5><i class=\"fas fa-tag\"><\/i> <a href=\"https:\/\/narancoseguros.com\/wp-content\/uploads\/2020\/10\/diccionario.pdf\" target=\"_blank\" rel=\"noopener noreferrer\">Diccionario del seguro<\/a><\/h5>\n    <h4>Datos de inter\u00e9s sobre el seguro<\/h4>\n    <hr>\n\n  <\/div>\n<\/div>\n","protected":false},"excerpt":{"rendered":"<p>Protege con nosotros tu autom\u00f3vil cl\u00e1sico con un seguro hecho a medida Las p\u00f3lizas convencionales no se adaptan a este tipo de veh\u00edculos debido a sus caracter\u00edsticas especiales, por eso existe un producto exclusivo para ellos. Inf\u00f3rmate en Naranco Seguros para asegurar tus TURISMOS, CAMIONES Y MOTOCICLETAS cl\u00e1sicas. \u00bfQu\u00e9 es un veh\u00edculo cl\u00e1sico? De fabricaci\u00f3n &#8230; <a title=\"Seguro autom\u00f3viles clasicos\" class=\"read-more\" href=\"https:\/\/narancoseguros.com\/index.php\/seguro-especial-para-automoviles-clasicos\/\" aria-label=\"Leer m\u00e1s sobre Seguro autom\u00f3viles clasicos\">Leer m\u00e1s<\/a><\/p>\n","protected":false},"author":1,"featured_media":0,"parent":0,"menu_order":0,"comment_status":"closed","ping_status":"closed","template":"","meta":{"footnotes":""},"class_list":["post-842","page","type-page","status-publish"],"_links":{"self":[{"href":"https:\/\/narancoseguros.com\/index.php\/wp-json\/wp\/v2\/pages\/842","targetHints":{"allow":["GET"]}}],"collection":[{"href":"https:\/\/narancoseguros.com\/index.php\/wp-json\/wp\/v2\/pages"}],"about":[{"href":"https:\/\/narancoseguros.com\/index.php\/wp-json\/wp\/v2\/types\/page"}],"author":[{"embeddable":true,"href":"https:\/\/narancoseguros.com\/index.php\/wp-json\/wp\/v2\/users\/1"}],"replies":[{"embeddable":true,"href":"https:\/\/narancoseguros.com\/index.php\/wp-json\/wp\/v2\/comments?post=842"}],"version-history":[{"count":8,"href":"https:\/\/narancoseguros.com\/index.php\/wp-json\/wp\/v2\/pages\/842\/revisions"}],"predecessor-version":[{"id":1036,"href":"https:\/\/narancoseguros.com\/index.php\/wp-json\/wp\/v2\/pages\/842\/revisions\/1036"}],"wp:attachment":[{"href":"https:\/\/narancoseguros.com\/index.php\/wp-json\/wp\/v2\/media?parent=842"}],"curies":[{"name":"wp","href":"https:\/\/api.w.org\/{rel}","templated":true}]}}