{"id":388,"date":"2020-10-14T11:20:06","date_gmt":"2020-10-14T11:20:06","guid":{"rendered":"https:\/\/narancoseguros.com\/?page_id=388"},"modified":"2021-05-06T12:00:38","modified_gmt":"2021-05-06T12:00:38","slug":"seguro-de-discotecas-bares-de-copas","status":"publish","type":"page","link":"https:\/\/narancoseguros.com\/index.php\/seguro-de-discotecas-bares-de-copas\/","title":{"rendered":"Seguro discotecas &#8211; bares de copas"},"content":{"rendered":"\n<div class=\"wp-block-cover has-background-dim\" style=\"background-image:url(https:\/\/narancoseguros.com\/wp-content\/uploads\/2020\/10\/discotecas.jpg)\"><div class=\"wp-block-cover__inner-container is-layout-flow wp-block-cover-is-layout-flow\">\n<p class=\"has-text-align-center encabezado has-large-font-size\">SEGURO DISCOTECAS &#8211; BARES DE COPAS<\/p>\n<\/div><\/div>\n\n\n\n<p class=\"paragrafo\">En&nbsp;<span style=\"color:#0092b7\" class=\"has-inline-color\">Naranco Seguros<\/span>&nbsp;hemos llegado a un acuerdo con una importante compa\u00f1\u00eda de seguros especializada en seguros de DISCOTECAS Y BARES DE COPAS.<\/p>\n\n\n\n<p class=\"paragrafo\">Es una p\u00f3liza dise\u00f1ada exclusivamente&nbsp; para este riesgo.<\/p>\n\n\n\n<h2 class=\"titulo wp-block-heading\">Objeto del seguro<\/h2>\n\n\n\n<p class=\"paragrafo\">El seguro de responsabilidad civil para discotecas y salas de fiesta tiene por objetivo cubrir reclamaciones por da\u00f1os personales y da\u00f1os materiales sufridos por terceros. La compa\u00f1\u00eda pone a disposici\u00f3n del cliente un abogado para defender sus intereses o indemnizar directamente si corresponde, hasta el capital contratado (300.000\u20ac, 600.000\u20ac, o 1.000.000\u20ac)<\/p>\n\n\n\n<h2 class=\"titulo wp-block-heading\">Por qu\u00e9 contratarlo<\/h2>\n\n\n\n<p class=\"paragrafo\">Es un sector donde el cliente cuenta con un papel muy importante y principal protagonista.<\/p>\n\n\n\n<p class=\"paragrafo\">Para la tranquilidad del empresario y buen funcionamiento del negocio es importante estar bien cubierto ante da\u00f1os personales y materiales a los que pueda verse expuesto, una reclamaci\u00f3n tanto personal como material hoy en d\u00eda es muy habitual y en ocasiones pueden llevar un negocio al fracaso en caso de no estar protegido.<\/p>\n\n\n\n<p class=\"paragrafo\">Con este seguro podr\u00e1 responder ante reclamaciones que reciba sobre la explotaci\u00f3n de su negocio.<\/p>\n\n\n\n<p class=\"paragrafo\">Se pueden contratar dos modalidades independiente una de la otra, seg\u00fan sus necesidades:<\/p>\n\n\n\n<p class=\"paragrafo\"><strong>RESPONSABILIDAD CIVIL<\/strong><\/p>\n\n\n\n<ul class=\"paragrafo wp-block-list\"><li>Explotaci\u00f3n<\/li><li>Patronal.<\/li><li>Intoxicaci\u00f3n Alimentaria<\/li><li>Guardarropas.<\/li><li>Aparcacoches<\/li><\/ul>\n\n\n\n<p class=\"paragrafo\"><strong>MULTIRRIESGO<\/strong><\/p>\n\n\n\n<ul class=\"paragrafo wp-block-list\"><li>P\u00e9rdida de \/ o da\u00f1os materiales al contenido y\/o continente.<\/li><li>Gastos relacionados con los da\u00f1os materiales.<\/li><li>Da\u00f1os en maquinaria Rotura de cristales, r\u00f3tulos, aparatos sanitarios y placas solares Robo y expoliaci\u00f3n.<\/li><li>P\u00e9rdida de beneficios<\/li><\/ul>\n\n\n\n<p class=\"paragrafo\">Pide el precio de tu seguro de discoteca<\/p>\n\n\n\n<p class=\"paragrafo\">Ponte en contacto con nosotros y te asesoraremos seg\u00fan las necesidades y exigencias de tu Comunidad Aut\u00f3noma.<\/p>\n\n\n\n<p class=\"paragrafo\">Tramitamos siniestros sin que tengas que preocuparte de nada.<\/p>\n\n\n\n<div class=\"iframeContainer\">\n  <div class=\"form\">\n    <div class=\"wpforms-container wpforms-container-full\" id=\"wpforms-389\"><form id=\"wpforms-form-389\" class=\"wpforms-validate wpforms-form wpforms-ajax-form\" data-formid=\"389\" method=\"post\" enctype=\"multipart\/form-data\" action=\"\/index.php\/wp-json\/wp\/v2\/pages\/388\" data-token=\"facc2c36da6ab34ee13b23a62eadf030\" data-token-time=\"1777804387\"><noscript class=\"wpforms-error-noscript\">Por favor, activa JavaScript en tu navegador para completar este formulario.<\/noscript><div class=\"wpforms-field-container\"><div id=\"wpforms-389-field_0-container\" class=\"wpforms-field wpforms-field-name wpforms-one-half wpforms-first\" data-field-id=\"0\"><label class=\"wpforms-field-label\" for=\"wpforms-389-field_0\">Nombre <span class=\"wpforms-required-label\">*<\/span><\/label><input type=\"text\" id=\"wpforms-389-field_0\" class=\"wpforms-field-medium wpforms-field-required\" name=\"wpforms[fields][0]\" required><\/div><div id=\"wpforms-389-field_1-container\" class=\"wpforms-field wpforms-field-email wpforms-one-half\" data-field-id=\"1\"><label class=\"wpforms-field-label\" for=\"wpforms-389-field_1\">Email<\/label><input type=\"email\" id=\"wpforms-389-field_1\" class=\"wpforms-field-medium\" name=\"wpforms[fields][1]\" spellcheck=\"false\" ><\/div><div id=\"wpforms-389-field_3-container\" class=\"wpforms-field wpforms-field-number wpforms-one-half wpforms-first\" data-field-id=\"3\"><label class=\"wpforms-field-label\" for=\"wpforms-389-field_3\">Tel\u00e9fono <span class=\"wpforms-required-label\">*<\/span><\/label><input type=\"number\" id=\"wpforms-389-field_3\" class=\"wpforms-field-medium wpforms-field-required\" name=\"wpforms[fields][3]\" step=\"any\" required><div class=\"wpforms-field-description\">Sin espacios ni guiones: ej985113998<\/div><\/div><\/div><!-- .wpforms-field-container --><div class=\"wpforms-recaptcha-container wpforms-is-recaptcha wpforms-is-recaptcha-type-v2\" ><div class=\"g-recaptcha\" data-sitekey=\"6LeffNUZAAAAADWBGG1fvM9zMe6KyjyedhvXX1ZU\"><\/div><input type=\"text\" name=\"g-recaptcha-hidden\" class=\"wpforms-recaptcha-hidden\" style=\"position:absolute!important;clip:rect(0,0,0,0)!important;height:1px!important;width:1px!important;border:0!important;overflow:hidden!important;padding:0!important;margin:0!important;\" data-rule-recaptcha=\"1\"><\/div><div class=\"wpforms-submit-container\" ><input type=\"hidden\" name=\"wpforms[id]\" value=\"389\"><input type=\"hidden\" name=\"page_title\" value=\"\"><input type=\"hidden\" name=\"page_url\" value=\"https:\/\/narancoseguros.com\/index.php\/wp-json\/wp\/v2\/pages\/388\"><input type=\"hidden\" name=\"url_referer\" value=\"\"><button type=\"submit\" name=\"wpforms[submit]\" id=\"wpforms-submit-389\" class=\"wpforms-submit btn btn-primary btn-lg\" data-alt-text=\"Enviando...\" data-submit-text=\"Consultar\" aria-live=\"assertive\" value=\"wpforms-submit\">Consultar<\/button><img loading=\"lazy\" decoding=\"async\" src=\"https:\/\/narancoseguros.com\/wp-content\/plugins\/wpforms-lite\/assets\/images\/submit-spin.svg\" class=\"wpforms-submit-spinner\" style=\"display: none;\" width=\"26\" height=\"26\" alt=\"Cargando\"><\/div><\/form><\/div>  <!-- .wpforms-container -->\t\n  <\/div>\n  <div class=\"infoColumn\">\n    <h2 class=\"titulo\">\u00bfTienes alguna duda?<\/h2>\n    <h5><i class=\"fas fa-mobile-alt\"><\/i> 985 11 39 98<\/h5>\n    <h5><i class=\"fas fa-paper-plane\"><\/i> info@narancoseguros.com<\/h5>\n    <h5><i class=\"fas fa-tag\"><\/i> <a href=\"https:\/\/narancoseguros.com\/wp-content\/uploads\/2020\/10\/diccionario.pdf\" target=\"_blank\" rel=\"noopener noreferrer\">Diccionario del seguro<\/a><\/h5>\n    <h4>Datos de inter\u00e9s sobre el seguro<\/h4>\n    <hr>\n\n  <\/div>\n<\/div>\n","protected":false},"excerpt":{"rendered":"<p>En&nbsp;Naranco Seguros&nbsp;hemos llegado a un acuerdo con una importante compa\u00f1\u00eda de seguros especializada en seguros de DISCOTECAS Y BARES DE COPAS. Es una p\u00f3liza dise\u00f1ada exclusivamente&nbsp; para este riesgo. Objeto del seguro El seguro de responsabilidad civil para discotecas y salas de fiesta tiene por objetivo cubrir reclamaciones por da\u00f1os personales y da\u00f1os materiales sufridos &#8230; <a title=\"Seguro discotecas &#8211; bares de copas\" class=\"read-more\" href=\"https:\/\/narancoseguros.com\/index.php\/seguro-de-discotecas-bares-de-copas\/\" aria-label=\"Leer m\u00e1s sobre Seguro discotecas &#8211; bares de copas\">Leer m\u00e1s<\/a><\/p>\n","protected":false},"author":1,"featured_media":0,"parent":0,"menu_order":0,"comment_status":"closed","ping_status":"closed","template":"","meta":{"footnotes":""},"class_list":["post-388","page","type-page","status-publish"],"_links":{"self":[{"href":"https:\/\/narancoseguros.com\/index.php\/wp-json\/wp\/v2\/pages\/388","targetHints":{"allow":["GET"]}}],"collection":[{"href":"https:\/\/narancoseguros.com\/index.php\/wp-json\/wp\/v2\/pages"}],"about":[{"href":"https:\/\/narancoseguros.com\/index.php\/wp-json\/wp\/v2\/types\/page"}],"author":[{"embeddable":true,"href":"https:\/\/narancoseguros.com\/index.php\/wp-json\/wp\/v2\/users\/1"}],"replies":[{"embeddable":true,"href":"https:\/\/narancoseguros.com\/index.php\/wp-json\/wp\/v2\/comments?post=388"}],"version-history":[{"count":4,"href":"https:\/\/narancoseguros.com\/index.php\/wp-json\/wp\/v2\/pages\/388\/revisions"}],"predecessor-version":[{"id":993,"href":"https:\/\/narancoseguros.com\/index.php\/wp-json\/wp\/v2\/pages\/388\/revisions\/993"}],"wp:attachment":[{"href":"https:\/\/narancoseguros.com\/index.php\/wp-json\/wp\/v2\/media?parent=388"}],"curies":[{"name":"wp","href":"https:\/\/api.w.org\/{rel}","templated":true}]}}