{"id":220,"date":"2020-10-13T09:46:34","date_gmt":"2020-10-13T09:46:34","guid":{"rendered":"https:\/\/narancoseguros.com\/?page_id=220"},"modified":"2021-05-06T12:05:07","modified_gmt":"2021-05-06T12:05:07","slug":"seguro-de-vida","status":"publish","type":"page","link":"https:\/\/narancoseguros.com\/index.php\/seguro-de-vida\/","title":{"rendered":"Seguro vida"},"content":{"rendered":"\n<div class=\"wp-block-cover has-background-dim\" style=\"background-image:url(https:\/\/narancoseguros.com\/wp-content\/uploads\/2020\/10\/vida.jpg)\"><div class=\"wp-block-cover__inner-container is-layout-flow wp-block-cover-is-layout-flow\">\n<p class=\"has-text-align-center encabezado has-large-font-size\">SEGURO VIDA<\/p>\n<\/div><\/div>\n\n\n\n<p class=\"paragrafo\">En&nbsp;<span style=\"color:#0092b7\" class=\"has-inline-color\">Naranco Seguros<\/span>&nbsp;sabemos que es frecuente plantearse si tener o no un&nbsp;<strong>seguro de vida<\/strong>, \u00bfpor qu\u00e9 se deber\u00eda entonces contratar un seguro de estas caracter\u00edsticas? \u00bfCompensa o es solo un gasto mensual m\u00e1s?<\/p>\n\n\n\n<p class=\"paragrafo\">Un&nbsp;<strong>seguro de vida no es obligatorio<\/strong>, pero si recomendable para aquellas personas que ya sea con o sin cargas familiares, quieren optar por la seguridad de saber que su familia estar\u00e1 protegida el d\u00eda de ma\u00f1ana.<\/p>\n\n\n\n<p class=\"paragrafo\">No hay que confundir el&nbsp;<a href=\"http:\/\/www.narancoseguros.com\/seguro-decesos\">seguro de decesos<\/a>&nbsp;con el&nbsp;<strong>seguro de vida<\/strong>, ya que le primero se encarga normalmente de cubrir los tramites y gastos relacionados con el fallecimiento, mientras que el&nbsp;<strong>seguro de vida<\/strong>&nbsp;es un \u201csalvavidas\u201d, una forma de asegurarse de que nuestros seres queridos estar\u00e1n protegidos el d\u00eda que se falte.<\/p>\n\n\n\n<p class=\"paragrafo\">No debemos confundirlos entonces porque el&nbsp;<strong>seguro de decesos<\/strong>&nbsp;ofrece un servicio, y por otro lado el seguro de vida ofrece una compensaci\u00f3n econ\u00f3mica.<\/p>\n\n\n\n<h2 class=\"titulo wp-block-heading\">\u00bfQu\u00e9 modalidades de seguro de vida existen?<\/h2>\n\n\n\n<p class=\"paragrafo\">A la hora de&nbsp;<strong>contratar tu seguro de vida<\/strong>, hay que tener en cuenta que existen&nbsp;<strong>distintas modalidades de seguro<\/strong>, con unas caracter\u00edsticas distintivas en cada caso. Estos son los distintos tipos:<\/p>\n\n\n\n<p class=\"paragrafo\"><strong>Temporal Anual Renovable<\/strong><\/p>\n\n\n\n<ul class=\"paragrafo wp-block-list\"><li>Creciente IPC:&nbsp;El capital crece anualmente seg\u00fan el IPC., la prima crece en funci\u00f3n del capital y la edad del asegurado.<\/li><li>Constante: El capital se mantiene constante y la prima crece en funci\u00f3n de la edad del Asegurado.<\/li><\/ul>\n\n\n\n<p class=\"paragrafo\"><strong>Temporal a Plazo<\/strong><\/p>\n\n\n\n<ul class=\"paragrafo wp-block-list\"><li>Constante&nbsp;: El capital y la prima se mantienen constantes durante toda la duraci\u00f3n del contrato<\/li><li>Creciente&nbsp;: el capital y la prima crecen seg\u00fan el porcentaje elegido durante la duraci\u00f3n del contrato<\/li><\/ul>\n\n\n\n<p class=\"paragrafo\"><strong>Amortizaci\u00f3n&nbsp;<\/strong><\/p>\n\n\n\n<ul class=\"paragrafo wp-block-list\"><li>Temporal a Plazo Decreciente:&nbsp;El capital decrece seg\u00fan el periodo de amortizaci\u00f3n establecido y la prima se mantiene constante durante el plazo de pago de primas que estar\u00e1 en dependencia de la duraci\u00f3n del contrato.<\/li><\/ul>\n\n\n\n<h2 class=\"titulo wp-block-heading\">\u00bfQu\u00e9 garant\u00eda ofrece un seguro de vida?<\/h2>\n\n\n\n<p class=\"paragrafo\">La&nbsp;<strong>principal garant\u00eda de un seguro de vida es la garant\u00eda por fallecimiento<\/strong>, donde el asegurador cubre con una indemnizaci\u00f3n econ\u00f3mica a los beneficiarios donde la cuant\u00eda depende del capital acordado en las condiciones particulares.<\/p>\n\n\n\n<p class=\"paragrafo\">Esta retribuci\u00f3n econ\u00f3mica se da normalmente en caso del fallecimiento del asegurado, con determinadas excepciones previamente especificadas, como por ejemplo suicidio, aviaci\u00f3n, conflicto armado\u2026<\/p>\n\n\n\n<p class=\"paragrafo\">Tambi\u00e9n es posible contratar con el&nbsp;<strong>seguro de vida<\/strong>&nbsp;otras garant\u00edas complementarias distintas a la de fallecimiento.<\/p>\n\n\n\n<h2 class=\"titulo wp-block-heading\">Garant\u00edas complementarias del seguro de vida:&nbsp;<\/h2>\n\n\n\n<ul class=\"paragrafo wp-block-list\"><li>Incapacidad permanente absoluta: situaci\u00f3n f\u00edsica irreversible y consolidada que resulta determinante para el asegurado como causa de la incapacidad de mantener cualquier relaci\u00f3n laboral o actividad profesional.<\/li><li>Incapacidad permanente total: como resultado de lesiones f\u00edsicas, psicol\u00f3gicas o fisiol\u00f3gicas causadas por cualquier situaci\u00f3n con diagn\u00f3stico irrecuperable por parte de los peritos m\u00e9dicos.<\/li><li>Fallecimiento por accidente: cuando el fallecimiento se produce como resultado de una&nbsp;causa violenta, s\u00fabita, externa y ajena a la intencionalidad del asegurado (en el plazo m\u00e1ximo de un a\u00f1o a partir de la fecha del accidente).<\/li><li>Fallecimiento por accidente de circulaci\u00f3n: con las mismas condiciones que el anterior, pero bajo las siguientes circunstancias:<\/li><li>Como peat\u00f3n, causada por un veh\u00edculo.<\/li><li>Como conductor\/pasajero de un veh\u00edculo terrestre.<\/li><li>Como pasajero de cualquier transporte p\u00fablico (a\u00e9reo, terrestre o acu\u00e1tico).<\/li><li>Incapacidad permanente absoluta por accidente: situaci\u00f3n f\u00edsica irreversible y consolidada como resultado de una&nbsp;causa violenta, s\u00fabita, externa y ajena a la intencionalidad del asegurado, y que resulta determinante para el asegurado como causa de la incapacidad de mantener cualquier relaci\u00f3n laboral o actividad profesional.<\/li><li>Incapacidad permanente absoluta por accidente de tr\u00e1fico: situaci\u00f3n f\u00edsica irreversible y consolidada como resultado de una&nbsp;accidente de circulaci\u00f3n, y que resulta determinante para el asegurado como causa de la incapacidad de mantener cualquier relaci\u00f3n laboral o actividad profesional; bajo las siguientes circunstancias:<\/li><li>Como peat\u00f3n, causada por un veh\u00edculo.<\/li><li>Como conductor\/pasajero de un veh\u00edculo terrestre.<\/li><li>Como pasajero de cualquier transporte p\u00fablico (a\u00e9reo, terrestre o acu\u00e1tico).<\/li><li>Enfermedades graves.<\/li><\/ul>\n\n\n\n<div class=\"iframeContainer\">\n  <div class=\"form\">\n    <div class=\"wpforms-container wpforms-container-full\" id=\"wpforms-221\"><form id=\"wpforms-form-221\" class=\"wpforms-validate wpforms-form wpforms-ajax-form\" data-formid=\"221\" method=\"post\" enctype=\"multipart\/form-data\" action=\"\/index.php\/wp-json\/wp\/v2\/pages\/220\" data-token=\"d91a2935a165ac7f4d8155e79fb106e1\" data-token-time=\"1777804394\"><noscript class=\"wpforms-error-noscript\">Por favor, activa JavaScript en tu navegador para completar este formulario.<\/noscript><div class=\"wpforms-field-container\"><div id=\"wpforms-221-field_9-container\" class=\"wpforms-field wpforms-field-select wpforms-one-half wpforms-first popup-description popup-vida wpforms-field-select-style-classic\" data-field-id=\"9\"><label class=\"wpforms-field-label\" for=\"wpforms-221-field_9\">Ocupaci\u00f3n Habitual<\/label><select id=\"wpforms-221-field_9\" class=\"wpforms-field-medium\" name=\"wpforms[fields][9]\"><option value=\"GRUPO A\"  class=\"choice-1 depth-1\"  >GRUPO A<\/option><option value=\"GRUPO B\"  class=\"choice-2 depth-1\"  >GRUPO B<\/option><option value=\"GRUPO C\"  class=\"choice-6 depth-1\"  >GRUPO C<\/option><option value=\"GRUPO D\"  class=\"choice-5 depth-1\"  >GRUPO D<\/option><\/select><div class=\"wpforms-field-description\">?<\/div><\/div><div id=\"wpforms-221-field_18-container\" class=\"wpforms-field wpforms-field-text wpforms-one-half\" data-field-id=\"18\"><label class=\"wpforms-field-label\" for=\"wpforms-221-field_18\">Profesi\u00f3n<\/label><input type=\"text\" id=\"wpforms-221-field_18\" class=\"wpforms-field-medium\" name=\"wpforms[fields][18]\" ><\/div><div id=\"wpforms-221-field_6-container\" class=\"wpforms-field wpforms-field-text wpforms-one-half wpforms-first\" data-field-id=\"6\"><label class=\"wpforms-field-label\" for=\"wpforms-221-field_6\">Capital a asegurar<\/label><input type=\"text\" id=\"wpforms-221-field_6\" class=\"wpforms-field-medium\" name=\"wpforms[fields][6]\" ><\/div><div id=\"wpforms-221-field_4-container\" class=\"wpforms-field wpforms-field-select wpforms-one-half wpforms-field-select-style-classic\" data-field-id=\"4\"><label class=\"wpforms-field-label\" for=\"wpforms-221-field_4\">\u00bfIncluir garantia invalidez?<\/label><select id=\"wpforms-221-field_4\" class=\"wpforms-field-medium\" name=\"wpforms[fields][4]\"><option value=\"Si\"  class=\"choice-1 depth-1\"  >Si<\/option><option value=\"No\"  class=\"choice-2 depth-1\"  >No<\/option><\/select><\/div><div id=\"wpforms-221-field_20-container\" class=\"wpforms-field wpforms-field-select wpforms-one-half wpforms-first wpforms-field-select-style-classic\" data-field-id=\"20\"><label class=\"wpforms-field-label\" for=\"wpforms-221-field_20\">\u00bfIncluir garantia fallecimiento?<\/label><select id=\"wpforms-221-field_20\" class=\"wpforms-field-medium\" name=\"wpforms[fields][20]\"><option value=\"Si\"  class=\"choice-1 depth-1\"  >Si<\/option><option value=\"No\"  class=\"choice-2 depth-1\"  >No<\/option><\/select><\/div><div id=\"wpforms-221-field_16-container\" class=\"wpforms-field wpforms-field-select wpforms-one-half wpforms-field-select-style-classic\" data-field-id=\"16\"><label class=\"wpforms-field-label\" for=\"wpforms-221-field_16\">\u00bfPractica deporte de riesgo?<\/label><select id=\"wpforms-221-field_16\" class=\"wpforms-field-medium\" name=\"wpforms[fields][16]\"><option value=\"Si\"  class=\"choice-1 depth-1\"  >Si<\/option><option value=\"No\"  class=\"choice-2 depth-1\"  >No<\/option><\/select><\/div><div id=\"wpforms-221-field_0-container\" class=\"wpforms-field wpforms-field-name wpforms-one-half wpforms-first\" data-field-id=\"0\"><label class=\"wpforms-field-label\" for=\"wpforms-221-field_0\">Nombre <span class=\"wpforms-required-label\">*<\/span><\/label><input type=\"text\" id=\"wpforms-221-field_0\" class=\"wpforms-field-medium wpforms-field-required\" name=\"wpforms[fields][0]\" required><\/div><div id=\"wpforms-221-field_1-container\" class=\"wpforms-field wpforms-field-email wpforms-one-half\" data-field-id=\"1\"><label class=\"wpforms-field-label\" for=\"wpforms-221-field_1\">Email<\/label><input type=\"email\" id=\"wpforms-221-field_1\" class=\"wpforms-field-medium\" name=\"wpforms[fields][1]\" spellcheck=\"false\" ><\/div><div id=\"wpforms-221-field_3-container\" class=\"wpforms-field wpforms-field-number wpforms-one-half wpforms-first\" data-field-id=\"3\"><label class=\"wpforms-field-label\" for=\"wpforms-221-field_3\">Tel\u00e9fono <span class=\"wpforms-required-label\">*<\/span><\/label><input type=\"number\" id=\"wpforms-221-field_3\" class=\"wpforms-field-medium wpforms-field-required\" name=\"wpforms[fields][3]\" step=\"any\" required><div class=\"wpforms-field-description\">Sin espacios ni guiones: ej985113998<\/div><\/div><\/div><!-- .wpforms-field-container --><div class=\"wpforms-recaptcha-container wpforms-is-recaptcha wpforms-is-recaptcha-type-v2\" ><div class=\"g-recaptcha\" data-sitekey=\"6LeffNUZAAAAADWBGG1fvM9zMe6KyjyedhvXX1ZU\"><\/div><input type=\"text\" name=\"g-recaptcha-hidden\" class=\"wpforms-recaptcha-hidden\" style=\"position:absolute!important;clip:rect(0,0,0,0)!important;height:1px!important;width:1px!important;border:0!important;overflow:hidden!important;padding:0!important;margin:0!important;\" data-rule-recaptcha=\"1\"><\/div><div class=\"wpforms-submit-container\" ><input type=\"hidden\" name=\"wpforms[id]\" value=\"221\"><input type=\"hidden\" name=\"page_title\" value=\"\"><input type=\"hidden\" name=\"page_url\" value=\"https:\/\/narancoseguros.com\/index.php\/wp-json\/wp\/v2\/pages\/220\"><input type=\"hidden\" name=\"url_referer\" value=\"\"><button type=\"submit\" name=\"wpforms[submit]\" id=\"wpforms-submit-221\" class=\"wpforms-submit btn btn-primary btn-lg\" data-alt-text=\"Enviando...\" data-submit-text=\"Consultar\" aria-live=\"assertive\" value=\"wpforms-submit\">Consultar<\/button><img loading=\"lazy\" decoding=\"async\" src=\"https:\/\/narancoseguros.com\/wp-content\/plugins\/wpforms-lite\/assets\/images\/submit-spin.svg\" class=\"wpforms-submit-spinner\" style=\"display: none;\" width=\"26\" height=\"26\" alt=\"Cargando\"><\/div><\/form><\/div>  <!-- .wpforms-container -->\t\n  <\/div>\n  <div class=\"infoColumn\">\n    <h2 class=\"titulo\">\u00bfTienes alguna duda?<\/h2>\n    <h5><i class=\"fas fa-mobile-alt\"><\/i> 985 11 39 98<\/h5>\n    <h5><i class=\"fas fa-paper-plane\"><\/i> info@narancoseguros.com<\/h5>\n    <h5><i class=\"fas fa-tag\"><\/i> <a href=\"https:\/\/narancoseguros.com\/wp-content\/uploads\/2020\/10\/diccionario.pdf\" target=\"_blank\" rel=\"noopener noreferrer\">Diccionario del seguro<\/a><\/h5>\n    <h4>Datos de inter\u00e9s sobre el seguro<\/h4>\n    <hr>\n\n  <\/div>\n<\/div>\n","protected":false},"excerpt":{"rendered":"<p>En&nbsp;Naranco Seguros&nbsp;sabemos que es frecuente plantearse si tener o no un&nbsp;seguro de vida, \u00bfpor qu\u00e9 se deber\u00eda entonces contratar un seguro de estas caracter\u00edsticas? \u00bfCompensa o es solo un gasto mensual m\u00e1s? Un&nbsp;seguro de vida no es obligatorio, pero si recomendable para aquellas personas que ya sea con o sin cargas familiares, quieren optar por &#8230; <a title=\"Seguro vida\" class=\"read-more\" href=\"https:\/\/narancoseguros.com\/index.php\/seguro-de-vida\/\" aria-label=\"Leer m\u00e1s sobre Seguro vida\">Leer m\u00e1s<\/a><\/p>\n","protected":false},"author":1,"featured_media":0,"parent":0,"menu_order":0,"comment_status":"closed","ping_status":"closed","template":"","meta":{"footnotes":""},"class_list":["post-220","page","type-page","status-publish"],"_links":{"self":[{"href":"https:\/\/narancoseguros.com\/index.php\/wp-json\/wp\/v2\/pages\/220","targetHints":{"allow":["GET"]}}],"collection":[{"href":"https:\/\/narancoseguros.com\/index.php\/wp-json\/wp\/v2\/pages"}],"about":[{"href":"https:\/\/narancoseguros.com\/index.php\/wp-json\/wp\/v2\/types\/page"}],"author":[{"embeddable":true,"href":"https:\/\/narancoseguros.com\/index.php\/wp-json\/wp\/v2\/users\/1"}],"replies":[{"embeddable":true,"href":"https:\/\/narancoseguros.com\/index.php\/wp-json\/wp\/v2\/comments?post=220"}],"version-history":[{"count":3,"href":"https:\/\/narancoseguros.com\/index.php\/wp-json\/wp\/v2\/pages\/220\/revisions"}],"predecessor-version":[{"id":1007,"href":"https:\/\/narancoseguros.com\/index.php\/wp-json\/wp\/v2\/pages\/220\/revisions\/1007"}],"wp:attachment":[{"href":"https:\/\/narancoseguros.com\/index.php\/wp-json\/wp\/v2\/media?parent=220"}],"curies":[{"name":"wp","href":"https:\/\/api.w.org\/{rel}","templated":true}]}}