{"id":214,"date":"2020-10-13T06:59:05","date_gmt":"2020-10-13T06:59:05","guid":{"rendered":"https:\/\/narancoseguros.com\/?page_id=214"},"modified":"2021-05-06T12:01:42","modified_gmt":"2021-05-06T12:01:42","slug":"seguro-de-hogar","status":"publish","type":"page","link":"https:\/\/narancoseguros.com\/index.php\/seguro-de-hogar\/","title":{"rendered":"Seguro hogar"},"content":{"rendered":"\n<div class=\"wp-block-cover has-background-dim\" style=\"background-image:url(https:\/\/narancoseguros.com\/wp-content\/uploads\/2020\/10\/casas.jpg)\"><div class=\"wp-block-cover__inner-container is-layout-flow wp-block-cover-is-layout-flow\">\n<p class=\"has-text-align-center encabezado has-large-font-size\">SEGURO HOGAR<\/p>\n<\/div><\/div>\n\n\n\n<h2 class=\"titulo wp-block-heading\">Tarifique su seguro de hogar en 3 minutos<\/h2>\n\n\n\n<h2 class=\"titulo wp-block-heading\">\u00bfPor qu\u00e9 contratar seguro de hogar con nosotros?<\/h2>\n\n\n\n<p class=\"paragrafo\">En&nbsp;<span style=\"color:#0092b7\" class=\"has-inline-color\">Naranco Seguros<\/span>&nbsp;hacemos t\u00fa p\u00f3liza a medida.<\/p>\n\n\n\n<p class=\"paragrafo\">En un&nbsp;<strong>seguro de hogar<\/strong>&nbsp;lo que prima es la seguridad, poder dormir tranquilo sabiendo que ante cualquier desgracia o da\u00f1o estas cubierto.<\/p>\n\n\n\n<p class=\"paragrafo\">Cada hogar tiene sus caracter\u00edsticas o peculiaridades, podemos hablar de un piso de 40m2 a uno de 200m2, un chalet, una casa de campo\u2026y un gran etc. Podemos ser propietarios, inquilinos, propietarios y destinarlo a segunda vivienda\u2026etc. Tener una casa entera de madera, un piso con obras de arte,\u2026etc.<\/p>\n\n\n\n<p class=\"paragrafo\">Con todos los datos que nos das sobre t\u00fa hogar ,comparamos precios en las mejores compa\u00f1\u00edas de primer rango que hay en el mercado, para este producto y te damos&nbsp; el mejor precio.<\/p>\n\n\n\n<h2 class=\"titulo wp-block-heading\">Normas b\u00e1sicas para contratar un seguro de hogar<\/h2>\n\n\n\n<ul class=\"paragrafo wp-block-list\"><li>Nunca tener&nbsp;<strong>Infraseguro<\/strong>: esto quiere decir que nunca debemos asegurar un bien por debajo de su precio real de reconstrucci\u00f3n o reposici\u00f3n.<\/li><li>A la hora de contratar un s<strong>eguro de hogar<\/strong>&nbsp;debemos de especificar:<\/li><li><strong>Capital de Continente<\/strong>: valor de&nbsp; reconstrucci\u00f3n de la vivienda a asegurar.<\/li><\/ul>\n\n\n\n<p class=\"paragrafo\">Ejemplo: Si ese piso tiene un valor de reconstrucci\u00f3n de 60.000\u20ac no podemos asegurar de Continente 50.000\u20ac porque a la hora de un siniestro no estar\u00edamos cubierto por el total y vendr\u00edan los problemas.<\/p>\n\n\n\n<p class=\"paragrafo\">Este es un dato que suelen dar las compa\u00f1\u00edas a la hora de tarificar, se calcula autom\u00e1ticamente por lo m2 informados por el cliente.<\/p>\n\n\n\n<p class=\"paragrafo\"><strong>Capital de contenido<\/strong>: valor de reposici\u00f3n de los bienes que tiene dentro de su hogar. Se debe &nbsp;hacer un c\u00e1lculo aproximado del valor que tienen los bienes en caso de p\u00e9rdida. Siempre se ha de especificar los bienes de valor como obras de arte, joyas..etc<\/p>\n\n\n\n<p class=\"paragrafo\">Ejemplo: Si tiene 20.000\u20ac en contenido, en su seguro y tiene dos cuadros de gran valor sin declarar en su seguro de hogar&nbsp; y se produce un robo en su piso\/casa\/chalet no estar\u00edan cubiertos.<\/p>\n\n\n\n<p class=\"paragrafo\">En estos&nbsp;<strong>casos de Infraseguro<\/strong>&nbsp;las compa\u00f1\u00edas har\u00edan una Regla de Equidad, que supone pagar al asegurado el valor declarado menos el porcentaje de&nbsp;<strong>Infraseguro<\/strong>, quiere decir la diferencia del valor de reconstrucci\u00f3n\/ reposici\u00f3n menos el valor declarado<\/p>\n\n\n\n<h2 class=\"titulo wp-block-heading\">\u00bfMe puede el banco obligar a hacer el seguro de hogar con ellos?<\/h2>\n\n\n\n<p class=\"paragrafo\">Si te vas a contratar un&nbsp;<strong>seguro financiero<\/strong>, seas particular o empresa,&nbsp; el Banco o Caja nunca te puede obligar a contratar ninguna P\u00f3liza. En este caso nos interesa hablar del&nbsp;<strong>seguro de hogar<\/strong>.<\/p>\n\n\n\n<p class=\"paragrafo\">\u00abLa legislaci\u00f3n vigente no&nbsp;impone con car\u00e1cter general y de forma directa al deudor de un pr\u00e9stamo&nbsp;hipotecario la obligaci\u00f3n de contratar seguros sobre el inmueble hipotecado\u00bb<\/p>\n\n\n\n<p class=\"paragrafo\">Lo mejor que puede hacer un cliente&nbsp; es comparar coberturas y precios de su&nbsp;<strong>seguro de hogar<\/strong>&nbsp;en diferentes aseguradoras con&nbsp; las ventajas y desventajas que hay referente a la banca, valorar si el precio les compensa con las condiciones.<\/p>\n\n\n\n<p class=\"paragrafo\">Uno de los mejores derechos que tenemos es el de poder decidir, que nadie decida por&nbsp; ti.<\/p>\n\n\n\n<div class=\"iframeContainer\">\n  <div class=\"form\">\n    <div class=\"wpforms-container wpforms-container-full\" id=\"wpforms-216\"><form id=\"wpforms-form-216\" class=\"wpforms-validate wpforms-form wpforms-ajax-form\" data-formid=\"216\" method=\"post\" enctype=\"multipart\/form-data\" action=\"\/index.php\/wp-json\/wp\/v2\/pages\/214\" data-token=\"bdec4976dff18de09ea12520f1450f2e\" data-token-time=\"1777804421\"><noscript class=\"wpforms-error-noscript\">Por favor, activa JavaScript en tu navegador para completar este formulario.<\/noscript><div class=\"wpforms-field-container\"><div id=\"wpforms-216-field_9-container\" class=\"wpforms-field wpforms-field-select wpforms-one-half wpforms-first wpforms-field-select-style-classic\" data-field-id=\"9\"><label class=\"wpforms-field-label\" for=\"wpforms-216-field_9\">Tipo de piso<\/label><select id=\"wpforms-216-field_9\" class=\"wpforms-field-medium\" name=\"wpforms[fields][9]\"><option value=\"Piso\"  class=\"choice-1 depth-1\"  >Piso<\/option><option value=\"Vivienda adosada\"  class=\"choice-2 depth-1\"  >Vivienda adosada<\/option><option value=\"Vivienda unifamiliar\"  class=\"choice-6 depth-1\"  >Vivienda unifamiliar<\/option><option value=\"Casa de pueblo\"  class=\"choice-5 depth-1\"  >Casa de pueblo<\/option><option value=\"Vivienda prefabricada\"  class=\"choice-4 depth-1\"  >Vivienda prefabricada<\/option><option value=\"M\u00f3dulo\"  class=\"choice-3 depth-1\"  >M\u00f3dulo<\/option><option value=\"Caravana\"  class=\"choice-7 depth-1\"  >Caravana<\/option><\/select><\/div><div id=\"wpforms-216-field_8-container\" class=\"wpforms-field wpforms-field-text wpforms-one-half\" data-field-id=\"8\"><label class=\"wpforms-field-label\" for=\"wpforms-216-field_8\">Direcci\u00f3n<\/label><input type=\"text\" id=\"wpforms-216-field_8\" class=\"wpforms-field-medium\" name=\"wpforms[fields][8]\" ><\/div><div id=\"wpforms-216-field_5-container\" class=\"wpforms-field wpforms-field-text wpforms-one-half wpforms-first\" data-field-id=\"5\"><label class=\"wpforms-field-label\" for=\"wpforms-216-field_5\">C.P.<\/label><input type=\"text\" id=\"wpforms-216-field_5\" class=\"wpforms-field-medium\" name=\"wpforms[fields][5]\" ><\/div><div id=\"wpforms-216-field_4-container\" class=\"wpforms-field wpforms-field-select wpforms-one-half wpforms-field-select-style-classic\" data-field-id=\"4\"><label class=\"wpforms-field-label\" for=\"wpforms-216-field_4\">Uso de la vivienda<\/label><select id=\"wpforms-216-field_4\" class=\"wpforms-field-medium\" name=\"wpforms[fields][4]\"><option value=\"Si\"  class=\"choice-1 depth-1\"  >Si<\/option><option value=\"No\"  class=\"choice-2 depth-1\"  >No<\/option><\/select><\/div><div id=\"wpforms-216-field_10-container\" class=\"wpforms-field wpforms-field-select wpforms-one-half wpforms-first wpforms-field-select-style-classic\" data-field-id=\"10\"><label class=\"wpforms-field-label\" for=\"wpforms-216-field_10\">Regimen de utilizaci\u00f3n<\/label><select id=\"wpforms-216-field_10\" class=\"wpforms-field-medium\" name=\"wpforms[fields][10]\"><option value=\"Propietario y habita\"  class=\"choice-1 depth-1\"  >Propietario y habita<\/option><option value=\"Propietario y alquila\"  class=\"choice-2 depth-1\"  >Propietario y alquila<\/option><option value=\"Propietario y no habita\"  class=\"choice-7 depth-1\"  >Propietario y no habita<\/option><option value=\"Inquilino\"  class=\"choice-3 depth-1\"  >Inquilino<\/option><\/select><\/div><div id=\"wpforms-216-field_6-container\" class=\"wpforms-field wpforms-field-text wpforms-one-half\" data-field-id=\"6\"><label class=\"wpforms-field-label\" for=\"wpforms-216-field_6\">A\u00f1o de construcci\u00f3n<\/label><input type=\"text\" id=\"wpforms-216-field_6\" class=\"wpforms-field-medium\" name=\"wpforms[fields][6]\" ><\/div><div id=\"wpforms-216-field_7-container\" class=\"wpforms-field wpforms-field-text wpforms-one-half wpforms-first\" data-field-id=\"7\"><label class=\"wpforms-field-label\" for=\"wpforms-216-field_7\">A\u00f1o de reforma<\/label><input type=\"text\" id=\"wpforms-216-field_7\" class=\"wpforms-field-medium\" name=\"wpforms[fields][7]\" ><\/div><div id=\"wpforms-216-field_12-container\" class=\"wpforms-field wpforms-field-text wpforms-one-half\" data-field-id=\"12\"><label class=\"wpforms-field-label\" for=\"wpforms-216-field_12\">Superficie (m2)<\/label><input type=\"text\" id=\"wpforms-216-field_12\" class=\"wpforms-field-medium\" name=\"wpforms[fields][12]\" ><\/div><div id=\"wpforms-216-field_15-container\" class=\"wpforms-field wpforms-field-select wpforms-one-half wpforms-first wpforms-field-select-style-classic\" data-field-id=\"15\"><label class=\"wpforms-field-label\" for=\"wpforms-216-field_15\">Alarma<\/label><select id=\"wpforms-216-field_15\" class=\"wpforms-field-medium\" name=\"wpforms[fields][15]\"><option value=\"Si\"  class=\"choice-1 depth-1\"  >Si<\/option><option value=\"No\"  class=\"choice-2 depth-1\"  >No<\/option><\/select><\/div><div id=\"wpforms-216-field_16-container\" class=\"wpforms-field wpforms-field-select wpforms-one-half wpforms-field-select-style-classic\" data-field-id=\"16\"><label class=\"wpforms-field-label\" for=\"wpforms-216-field_16\">Joyas<\/label><select id=\"wpforms-216-field_16\" class=\"wpforms-field-medium\" name=\"wpforms[fields][16]\"><option value=\"Si\"  class=\"choice-1 depth-1\"  >Si<\/option><option value=\"No\"  class=\"choice-2 depth-1\"  >No<\/option><\/select><\/div><div id=\"wpforms-216-field_13-container\" class=\"wpforms-field wpforms-field-text wpforms-one-half wpforms-first\" data-field-id=\"13\"><label class=\"wpforms-field-label\" for=\"wpforms-216-field_13\">Capital continente<\/label><input type=\"text\" id=\"wpforms-216-field_13\" class=\"wpforms-field-medium\" name=\"wpforms[fields][13]\" ><\/div><div id=\"wpforms-216-field_14-container\" class=\"wpforms-field wpforms-field-text wpforms-one-half\" data-field-id=\"14\"><label class=\"wpforms-field-label\" for=\"wpforms-216-field_14\">Capital contenido<\/label><input type=\"text\" id=\"wpforms-216-field_14\" class=\"wpforms-field-medium\" name=\"wpforms[fields][14]\" ><\/div><div id=\"wpforms-216-field_17-container\" class=\"wpforms-field wpforms-field-textarea\" data-field-id=\"17\"><label class=\"wpforms-field-label\" for=\"wpforms-216-field_17\">Cuadro de aclaraciones<\/label><textarea id=\"wpforms-216-field_17\" class=\"wpforms-field-medium\" name=\"wpforms[fields][17]\" ><\/textarea><\/div><div id=\"wpforms-216-field_0-container\" class=\"wpforms-field wpforms-field-name wpforms-one-half wpforms-first\" data-field-id=\"0\"><label class=\"wpforms-field-label\" for=\"wpforms-216-field_0\">Nombre <span class=\"wpforms-required-label\">*<\/span><\/label><input type=\"text\" id=\"wpforms-216-field_0\" class=\"wpforms-field-medium wpforms-field-required\" name=\"wpforms[fields][0]\" required><\/div><div id=\"wpforms-216-field_1-container\" class=\"wpforms-field wpforms-field-email wpforms-one-half\" data-field-id=\"1\"><label class=\"wpforms-field-label\" for=\"wpforms-216-field_1\">Email<\/label><input type=\"email\" id=\"wpforms-216-field_1\" class=\"wpforms-field-medium\" name=\"wpforms[fields][1]\" spellcheck=\"false\" ><\/div><div id=\"wpforms-216-field_3-container\" class=\"wpforms-field wpforms-field-number wpforms-one-half wpforms-first\" data-field-id=\"3\"><label class=\"wpforms-field-label\" for=\"wpforms-216-field_3\">Tel\u00e9fono <span class=\"wpforms-required-label\">*<\/span><\/label><input type=\"number\" id=\"wpforms-216-field_3\" class=\"wpforms-field-medium wpforms-field-required\" name=\"wpforms[fields][3]\" step=\"any\" required><div class=\"wpforms-field-description\">Sin espacios ni guiones: ej985113998<\/div><\/div><\/div><!-- .wpforms-field-container --><div class=\"wpforms-recaptcha-container wpforms-is-recaptcha wpforms-is-recaptcha-type-v2\" ><div class=\"g-recaptcha\" data-sitekey=\"6LeffNUZAAAAADWBGG1fvM9zMe6KyjyedhvXX1ZU\"><\/div><input type=\"text\" name=\"g-recaptcha-hidden\" class=\"wpforms-recaptcha-hidden\" style=\"position:absolute!important;clip:rect(0,0,0,0)!important;height:1px!important;width:1px!important;border:0!important;overflow:hidden!important;padding:0!important;margin:0!important;\" data-rule-recaptcha=\"1\"><\/div><div class=\"wpforms-submit-container\" ><input type=\"hidden\" name=\"wpforms[id]\" value=\"216\"><input type=\"hidden\" name=\"page_title\" value=\"\"><input type=\"hidden\" name=\"page_url\" value=\"https:\/\/narancoseguros.com\/index.php\/wp-json\/wp\/v2\/pages\/214\"><input type=\"hidden\" name=\"url_referer\" value=\"\"><button type=\"submit\" name=\"wpforms[submit]\" id=\"wpforms-submit-216\" class=\"wpforms-submit btn btn-primary btn-lg\" data-alt-text=\"Enviando...\" data-submit-text=\"Consultar\" aria-live=\"assertive\" value=\"wpforms-submit\">Consultar<\/button><img loading=\"lazy\" decoding=\"async\" src=\"https:\/\/narancoseguros.com\/wp-content\/plugins\/wpforms-lite\/assets\/images\/submit-spin.svg\" class=\"wpforms-submit-spinner\" style=\"display: none;\" width=\"26\" height=\"26\" alt=\"Cargando\"><\/div><\/form><\/div>  <!-- .wpforms-container -->\n  <\/div>\n  <div class=\"infoColumn\">\n    <h2 class=\"titulo\">\u00bfTienes alguna duda?<\/h2>\n    <h5><i class=\"fas fa-mobile-alt\"><\/i> 985 11 39 98<\/h5>\n    <h5><i class=\"fas fa-paper-plane\"><\/i> info@narancoseguros.com<\/h5>\n    <h5><i class=\"fas fa-tag\"><\/i> <a href=\"https:\/\/narancoseguros.com\/wp-content\/uploads\/2020\/10\/diccionario.pdf\" target=\"_blank\" rel=\"noopener noreferrer\">Diccionario del seguro<\/a><\/h5>\n    <h4>Datos de inter\u00e9s sobre el seguro<\/h4>\n    <hr>\n\n  <\/div>\n<\/div>\n","protected":false},"excerpt":{"rendered":"<p>Tarifique su seguro de hogar en 3 minutos \u00bfPor qu\u00e9 contratar seguro de hogar con nosotros? En&nbsp;Naranco Seguros&nbsp;hacemos t\u00fa p\u00f3liza a medida. En un&nbsp;seguro de hogar&nbsp;lo que prima es la seguridad, poder dormir tranquilo sabiendo que ante cualquier desgracia o da\u00f1o estas cubierto. Cada hogar tiene sus caracter\u00edsticas o peculiaridades, podemos hablar de un piso &#8230; <a title=\"Seguro hogar\" class=\"read-more\" href=\"https:\/\/narancoseguros.com\/index.php\/seguro-de-hogar\/\" aria-label=\"Leer m\u00e1s sobre Seguro hogar\">Leer m\u00e1s<\/a><\/p>\n","protected":false},"author":1,"featured_media":0,"parent":0,"menu_order":0,"comment_status":"closed","ping_status":"closed","template":"","meta":{"footnotes":""},"class_list":["post-214","page","type-page","status-publish"],"_links":{"self":[{"href":"https:\/\/narancoseguros.com\/index.php\/wp-json\/wp\/v2\/pages\/214","targetHints":{"allow":["GET"]}}],"collection":[{"href":"https:\/\/narancoseguros.com\/index.php\/wp-json\/wp\/v2\/pages"}],"about":[{"href":"https:\/\/narancoseguros.com\/index.php\/wp-json\/wp\/v2\/types\/page"}],"author":[{"embeddable":true,"href":"https:\/\/narancoseguros.com\/index.php\/wp-json\/wp\/v2\/users\/1"}],"replies":[{"embeddable":true,"href":"https:\/\/narancoseguros.com\/index.php\/wp-json\/wp\/v2\/comments?post=214"}],"version-history":[{"count":5,"href":"https:\/\/narancoseguros.com\/index.php\/wp-json\/wp\/v2\/pages\/214\/revisions"}],"predecessor-version":[{"id":997,"href":"https:\/\/narancoseguros.com\/index.php\/wp-json\/wp\/v2\/pages\/214\/revisions\/997"}],"wp:attachment":[{"href":"https:\/\/narancoseguros.com\/index.php\/wp-json\/wp\/v2\/media?parent=214"}],"curies":[{"name":"wp","href":"https:\/\/api.w.org\/{rel}","templated":true}]}}