{"id":181,"date":"2020-10-09T10:34:56","date_gmt":"2020-10-09T10:34:56","guid":{"rendered":"https:\/\/narancoseguros.com\/?page_id=181"},"modified":"2021-05-11T09:31:12","modified_gmt":"2021-05-11T09:31:12","slug":"seguro-motocicleta-cliclomotor","status":"publish","type":"page","link":"https:\/\/narancoseguros.com\/index.php\/seguro-motocicleta-cliclomotor\/","title":{"rendered":"Seguro motocicleta-cliclomotor"},"content":{"rendered":"\n<div class=\"wp-block-cover has-background-dim\" style=\"background-image:url(https:\/\/narancoseguros.com\/wp-content\/uploads\/2020\/10\/moto.jpg)\"><div class=\"wp-block-cover__inner-container is-layout-flow wp-block-cover-is-layout-flow\">\n<p class=\"has-text-align-center encabezado has-large-font-size\">SEGURO MOTOCICLETA &#8211; CICLOMOTOR<\/p>\n<\/div><\/div>\n\n\n\n<h2 class=\"wp-block-heading\">En\u00a0<span style=\"color:#0092b7\" class=\"has-inline-color\">Naranco Seguros<\/span>,\u00a0ofrecemos a nuestros clientes un trato personalizado seg\u00fan las caracter\u00edsticas de su moto<\/h2>\n\n\n\n<p>\u00a1Obt\u00e9n el mejor precio de tu seguro de moto en s\u00f3lo 3 minutos!<\/p>\n\n\n\n<ul class=\"wp-block-list\" id=\"block-2d9c55dc-8f6d-47e4-ba66-e627440b868b\"><li>Modalidad de Terceros: Siempre incluye asistencia en carretera, amplia o normal.<\/li><li>Terceros + Robo: Incluye la cobertura anterior de Terceros y le suma la indemnizaci\u00f3n en caso de robo.<\/li><li>Terceros + Incendio: Incluye la cobertura de Terceros y le suma la indemnizaci\u00f3n en caso de incendio.<\/li><li>Terceros completo (Terceros+Robo+Incendio): Recoge las anteriores coberturas juntas en una misma p\u00f3liza.<\/li><\/ul>\n\n\n\n<h2 class=\"titulo wp-block-heading\">Consejo para tener un buen seguro de moto<\/h2>\n\n\n\n<p>Las diferencias de precios en un\u00a0<strong>seguro de moto<\/strong>\u00a0son muy bajas. A la hora de contratar un\u00a0<strong>seguro de moto<\/strong>,\u00a0aconsejamos no mirar tanto el precio y s\u00ed las coberturas ante cualquier percance o accidente.<\/p>\n\n\n\n<h2 class=\"titulo wp-block-heading\">Duraci\u00f3n del seguro de moto<\/h2>\n\n\n\n<p>Al igual que los\u00a0<a href=\"https:\/\/narancoseguros.com\/index.php\/seguro-turismo\/\">seguros de coche<\/a>, los\u00a0<strong>seguros de moto<\/strong>\u00a0tienen contrato anual. El tipo de pago s\u00ed puede escogerse: trimestral, semestral o anual.<\/p>\n\n\n\n<p>Es un\u00a0<strong>seguro<\/strong>\u00a0demandado muchas veces a tiempo parcial; debido a que, seg\u00fan las estaciones del a\u00f1o, la gente usa m\u00e1s o menos la moto, lo que hace que solamente se quiera un seguro, por ejemplo, para las estaciones de primavera y verano. <span style=\"text-decoration: underline;\">Estos seguros no existen y no se pueden hacer.<\/span><\/p>\n\n\n\n<p>En el caso de querer parar un\u00a0<strong>seguro de moto,\u00a0<\/strong>se ha de justificar a la aseguradora la venta o paralizaci\u00f3n de esa moto. Algunas compa\u00f1\u00edas guardan el importe no consumido para otro\u00a0<strong>seguro<\/strong>\u00a0de las mismas caracter\u00edsticas. Si lo que se quiere es cambiar de aseguradora, ha de avisarse con un mes de antelaci\u00f3n a la compa\u00f1\u00eda.<\/p>\n\n\n\n<div class=\"iframeContainer\">\n  <iframe loading=\"lazy\" width=\"100%\" height=\"900\" frameborder=\"0\" src=\"https:\/\/www.cotizadorebroker.com\/tarificar.html?tkn=20100416-1\"><\/iframe>\n  <div class=\"infoColumn\">\n    <h2 class=\"titulo\">\u00bfTienes alguna duda?<\/h2>\n    <h5><i class=\"fas fa-mobile-alt\"><\/i> 985 11 39 98<\/h5>\n    <h5><i class=\"fas fa-paper-plane\"><\/i> info@narancoseguros.com<\/h5>\n    <h5><i class=\"fas fa-tag\"><\/i> <a href=\"https:\/\/narancoseguros.com\/wp-content\/uploads\/2020\/10\/diccionario.pdf\" target=\"_blank\" rel=\"noopener noreferrer\">Diccionario del seguro<\/a><\/h5>\n    <h4>Datos de inter\u00e9s sobre el seguro<\/h4>\n    <hr>\n\n        <p class=\"paragrafo\">Configurador de seguro para autom\u00f3viles de CATEGORIA 3<\/p>\n        <ul class=\"paragrafo\">\n            <li>MOTOCICLETA<\/li>\n            <li>CICLOMOTOR<\/li>\n            <li>CUATRICICLO<\/li>\n            <li>QUADS<\/li>\n        <\/ul>\n\n\n\n  <\/div>\n<\/div>\n","protected":false},"excerpt":{"rendered":"<p>En\u00a0Naranco Seguros,\u00a0ofrecemos a nuestros clientes un trato personalizado seg\u00fan las caracter\u00edsticas de su moto \u00a1Obt\u00e9n el mejor precio de tu seguro de moto en s\u00f3lo 3 minutos! Modalidad de Terceros: Siempre incluye asistencia en carretera, amplia o normal. Terceros + Robo: Incluye la cobertura anterior de Terceros y le suma la indemnizaci\u00f3n en caso de &#8230; <a title=\"Seguro motocicleta-cliclomotor\" class=\"read-more\" href=\"https:\/\/narancoseguros.com\/index.php\/seguro-motocicleta-cliclomotor\/\" aria-label=\"Leer m\u00e1s sobre Seguro motocicleta-cliclomotor\">Leer m\u00e1s<\/a><\/p>\n","protected":false},"author":1,"featured_media":0,"parent":0,"menu_order":0,"comment_status":"closed","ping_status":"closed","template":"","meta":{"footnotes":""},"class_list":["post-181","page","type-page","status-publish"],"_links":{"self":[{"href":"https:\/\/narancoseguros.com\/index.php\/wp-json\/wp\/v2\/pages\/181","targetHints":{"allow":["GET"]}}],"collection":[{"href":"https:\/\/narancoseguros.com\/index.php\/wp-json\/wp\/v2\/pages"}],"about":[{"href":"https:\/\/narancoseguros.com\/index.php\/wp-json\/wp\/v2\/types\/page"}],"author":[{"embeddable":true,"href":"https:\/\/narancoseguros.com\/index.php\/wp-json\/wp\/v2\/users\/1"}],"replies":[{"embeddable":true,"href":"https:\/\/narancoseguros.com\/index.php\/wp-json\/wp\/v2\/comments?post=181"}],"version-history":[{"count":9,"href":"https:\/\/narancoseguros.com\/index.php\/wp-json\/wp\/v2\/pages\/181\/revisions"}],"predecessor-version":[{"id":1035,"href":"https:\/\/narancoseguros.com\/index.php\/wp-json\/wp\/v2\/pages\/181\/revisions\/1035"}],"wp:attachment":[{"href":"https:\/\/narancoseguros.com\/index.php\/wp-json\/wp\/v2\/media?parent=181"}],"curies":[{"name":"wp","href":"https:\/\/api.w.org\/{rel}","templated":true}]}}